{"id":136,"date":"2026-02-11T06:07:19","date_gmt":"2026-02-11T06:07:19","guid":{"rendered":"https:\/\/rtvgastro.es\/?page_id=136"},"modified":"2026-03-22T08:32:12","modified_gmt":"2026-03-22T08:32:12","slug":"radio-y-tv-gastro","status":"publish","type":"page","link":"https:\/\/rtvgastro.es\/en\/radio-y-tv-gastro\/","title":{"rendered":"RADIO Y TV GASTRO"},"content":{"rendered":"<div class=\"wp-block-group alignfull is-style-ext-preset--group--natural-1--section has-tertiary-background-color has-background has-global-padding is-layout-constrained wp-container-core-group-is-layout-e955bbaf wp-block-group-is-layout-constrained is-style-ext-preset--group--natural-1--section--1\" style=\"margin-top:0;margin-bottom:0;padding-top:var(--wp--preset--spacing--70);padding-bottom:var(--wp--preset--spacing--70)\">\n<div class=\"wp-block-media-text alignwide is-stacked-on-mobile is-image-fill-element is-style-ext-preset--media-text--natural-1--card-1 has-background-background-color has-background is-style-ext-preset--media-text--natural-1--card-1--2\"><figure class=\"wp-block-media-text__media\"><img loading=\"lazy\" decoding=\"async\" width=\"1080\" height=\"811\" src=\"https:\/\/rtvgastro.es\/wp-content\/uploads\/2026\/02\/image-1.jpg\" alt=\"\" class=\"wp-image-167 size-full\" style=\"object-position:50% 50%\" srcset=\"https:\/\/rtvgastro.es\/wp-content\/uploads\/2026\/02\/image-1.jpg 1080w, https:\/\/rtvgastro.es\/wp-content\/uploads\/2026\/02\/image-1-300x225.jpg 300w, https:\/\/rtvgastro.es\/wp-content\/uploads\/2026\/02\/image-1-1024x769.jpg 1024w, https:\/\/rtvgastro.es\/wp-content\/uploads\/2026\/02\/image-1-768x577.jpg 768w, https:\/\/rtvgastro.es\/wp-content\/uploads\/2026\/02\/image-1-16x12.jpg 16w\" sizes=\"auto, (max-width: 1080px) 100vw, 1080px\" \/><\/figure><div class=\"wp-block-media-text__content\">\n<div class=\"wp-block-group alignwide is-vertical is-layout-flex wp-container-core-group-is-layout-53474e87 wp-block-group-is-layout-flex\" style=\"padding-top:var(--wp--preset--spacing--60);padding-bottom:var(--wp--preset--spacing--60)\">\n<div class=\"wp-block-group has-global-padding is-layout-constrained wp-container-core-group-is-layout-812d5580 wp-block-group-is-layout-constrained\" style=\"padding-top:0;padding-right:0;padding-bottom:0;padding-left:0\">\n<h2 class=\"wp-block-heading\">Sum\u00e9rgete en el sabor de Gastro TV<\/h2>\n\n\n\n<p>Descubre el apasionante mundo gastron\u00f3mico de RTVGastro: disfruta contenido exclusivo y mantente conectado con las \u00faltimas tendencias culinarias. \u00a1Haz clic y d\u00e9jate inspirar!<\/p>\n<\/div>\n\n\n\n<div class=\"wp-block-buttons is-layout-flex wp-block-buttons-is-layout-flex\">\n<div class=\"wp-block-button is-style-ext-preset--button--natural-1--button-1 is-style-ext-preset--button--natural-1--button-1--3\"><a class=\"wp-block-button__link has-foreground-color has-secondary-background-color has-text-color has-background has-link-color wp-element-button\" href=\"https:\/\/rtvgastro.es\/en\/radio-y-tv-gastro\/gastrotv\/\" style=\"border-style:none;border-width:0px;border-top-left-radius:49px;border-top-right-radius:49px;border-bottom-left-radius:49px;border-bottom-right-radius:49px\">AL AGUA<\/a><\/div>\n<\/div>\n<\/div>\n<\/div><\/div>\n\n\n\n<div class=\"wp-block-media-text alignwide has-media-on-the-right is-stacked-on-mobile is-image-fill-element is-style-ext-preset--media-text--natural-1--card-1 has-background-background-color has-background is-style-ext-preset--media-text--natural-1--card-1--4\"><div class=\"wp-block-media-text__content\">\n<div class=\"wp-block-group alignwide is-vertical is-layout-flex wp-container-core-group-is-layout-53474e87 wp-block-group-is-layout-flex\" style=\"padding-top:var(--wp--preset--spacing--60);padding-bottom:var(--wp--preset--spacing--60)\">\n<div class=\"wp-block-group has-global-padding is-layout-constrained wp-container-core-group-is-layout-812d5580 wp-block-group-is-layout-constrained\" style=\"padding-top:0;padding-right:0;padding-bottom:0;padding-left:0\">\n<h2 class=\"wp-block-heading\">Emp\u00e1pate en los aromas de Radio Gastro.<\/h2>\n\n\n\n<p>Disfruta de los p\u00f3dcast y programas de radio de RTVGastro, donde la gastronom\u00eda se escucha, se debate y se vive<\/p>\n<\/div>\n\n\n\n<div class=\"wp-block-buttons is-layout-flex wp-block-buttons-is-layout-flex\">\n<div class=\"wp-block-button is-style-ext-preset--button--natural-1--button-1 is-style-ext-preset--button--natural-1--button-1--5\"><a class=\"wp-block-button__link has-foreground-color has-secondary-background-color has-text-color has-background has-link-color wp-element-button\" href=\"https:\/\/rtvgastro.es\/en\/radio-y-tv-gastro\/radiogastro\/\" style=\"border-top-left-radius:100px;border-top-right-radius:100px;border-bottom-left-radius:100px;border-bottom-right-radius:100px\">AROMAT\u00cdZATE<\/a><\/div>\n<\/div>\n<\/div>\n<\/div><figure class=\"wp-block-media-text__media\"><img loading=\"lazy\" decoding=\"async\" width=\"1440\" height=\"960\" src=\"https:\/\/rtvgastro.es\/wp-content\/uploads\/2026\/02\/fa611c51c5c00892bdc350d8ae14de870c4c5100.jpg\" alt=\"\" class=\"wp-image-146 size-full\" style=\"object-position:50% 50%\" srcset=\"https:\/\/rtvgastro.es\/wp-content\/uploads\/2026\/02\/fa611c51c5c00892bdc350d8ae14de870c4c5100.jpg 1440w, https:\/\/rtvgastro.es\/wp-content\/uploads\/2026\/02\/fa611c51c5c00892bdc350d8ae14de870c4c5100-300x200.jpg 300w, https:\/\/rtvgastro.es\/wp-content\/uploads\/2026\/02\/fa611c51c5c00892bdc350d8ae14de870c4c5100-1024x683.jpg 1024w, https:\/\/rtvgastro.es\/wp-content\/uploads\/2026\/02\/fa611c51c5c00892bdc350d8ae14de870c4c5100-768x512.jpg 768w, https:\/\/rtvgastro.es\/wp-content\/uploads\/2026\/02\/fa611c51c5c00892bdc350d8ae14de870c4c5100-18x12.jpg 18w\" sizes=\"auto, (max-width: 1440px) 100vw, 1440px\" \/><\/figure><\/div>\n<\/div>","protected":false},"excerpt":{"rendered":"<p>Sum\u00e9rgete en el sabor de Gastro TV Descubre el apasionante mundo gastron\u00f3mico de RTVGastro: disfruta contenido exclusivo y mantente conectado con las \u00faltimas tendencias culinarias. \u00a1Haz clic y d\u00e9jate inspirar! Emp\u00e1pate en los aromas de Radio Gastro. Disfruta de los p\u00f3dcast y programas de radio de RTVGastro, donde la gastronom\u00eda se escucha, se debate y [&hellip;]<\/p>\n","protected":false},"author":1,"featured_media":0,"parent":0,"menu_order":0,"comment_status":"closed","ping_status":"closed","template":"page-with-title","meta":{"_monsterinsights_skip_tracking":false,"_monsterinsights_sitenote_active":false,"_monsterinsights_sitenote_note":"","_monsterinsights_sitenote_category":0,"_uf_show_specific_survey":0,"_uf_disable_surveys":false,"footnotes":""},"class_list":["post-136","page","type-page","status-publish","hentry"],"aioseo_notices":[],"_links":{"self":[{"href":"https:\/\/rtvgastro.es\/en\/wp-json\/wp\/v2\/pages\/136","targetHints":{"allow":["GET"]}}],"collection":[{"href":"https:\/\/rtvgastro.es\/en\/wp-json\/wp\/v2\/pages"}],"about":[{"href":"https:\/\/rtvgastro.es\/en\/wp-json\/wp\/v2\/types\/page"}],"author":[{"embeddable":true,"href":"https:\/\/rtvgastro.es\/en\/wp-json\/wp\/v2\/users\/1"}],"replies":[{"embeddable":true,"href":"https:\/\/rtvgastro.es\/en\/wp-json\/wp\/v2\/comments?post=136"}],"version-history":[{"count":30,"href":"https:\/\/rtvgastro.es\/en\/wp-json\/wp\/v2\/pages\/136\/revisions"}],"predecessor-version":[{"id":3029,"href":"https:\/\/rtvgastro.es\/en\/wp-json\/wp\/v2\/pages\/136\/revisions\/3029"}],"wp:attachment":[{"href":"https:\/\/rtvgastro.es\/en\/wp-json\/wp\/v2\/media?parent=136"}],"curies":[{"name":"wp","href":"https:\/\/api.w.org\/{rel}","templated":true}]}}

<div class="wp-block-group alignfull is-style-ext-preset--group--natural-1--section has-tertiary-background-color has-background has-global-padding is-layout-constrained wp-container-core-group-is-layout-e955bbaf wp-block-group-is-layout-constrained is-style-ext-preset--group--natural-1--section--1" style="margin-top:0;margin-bottom:0;padding-top:var(--wp--preset--spacing--70);padding-bottom:var(--wp--preset--spacing--70)">
<div class="wp-block-media-text alignwide is-stacked-on-mobile is-image-fill-element is-style-ext-preset--media-text--natural-1--card-1 has-background-background-color has-background is-style-ext-preset--media-text--natural-1--card-1--2"><figure class="wp-block-media-text__media"><img loading="lazy" decoding="async" width="1080" height="811" src="https://rtvgastro.es/wp-content/uploads/2026/02/image-1.jpg" alt="" class="wp-image-167 size-full" style="object-position:50% 50%" srcset="https://rtvgastro.es/wp-content/uploads/2026/02/image-1.jpg 1080w, https://rtvgastro.es/wp-content/uploads/2026/02/image-1-300x225.jpg 300w, https://rtvgastro.es/wp-content/uploads/2026/02/image-1-1024x769.jpg 1024w, https://rtvgastro.es/wp-content/uploads/2026/02/image-1-768x577.jpg 768w, https://rtvgastro.es/wp-content/uploads/2026/02/image-1-16x12.jpg 16w" sizes="auto, (max-width: 1080px) 100vw, 1080px" /></figure><div class="wp-block-media-text__content">
<div class="wp-block-group alignwide is-vertical is-layout-flex wp-container-core-group-is-layout-53474e87 wp-block-group-is-layout-flex" style="padding-top:var(--wp--preset--spacing--60);padding-bottom:var(--wp--preset--spacing--60)">
<div class="wp-block-group has-global-padding is-layout-constrained wp-container-core-group-is-layout-812d5580 wp-block-group-is-layout-constrained" style="padding-top:0;padding-right:0;padding-bottom:0;padding-left:0">
<h2 class="wp-block-heading">Sumérgete en el sabor de Gastro TV</h2>



<p>Descubre el apasionante mundo gastronómico de RTVGastro: disfruta contenido exclusivo y mantente conectado con las últimas tendencias culinarias. ¡Haz clic y déjate inspirar!</p>
</div>



<div class="wp-block-buttons is-layout-flex wp-block-buttons-is-layout-flex">
<div class="wp-block-button is-style-ext-preset--button--natural-1--button-1 is-style-ext-preset--button--natural-1--button-1--3"><a class="wp-block-button__link has-foreground-color has-secondary-background-color has-text-color has-background has-link-color wp-element-button" href="https://rtvgastro.es/en/radio-y-tv-gastro/gastrotv/" style="border-style:none;border-width:0px;border-top-left-radius:49px;border-top-right-radius:49px;border-bottom-left-radius:49px;border-bottom-right-radius:49px">AL AGUA</a></div>
</div>
</div>
</div></div>



<div class="wp-block-media-text alignwide has-media-on-the-right is-stacked-on-mobile is-image-fill-element is-style-ext-preset--media-text--natural-1--card-1 has-background-background-color has-background is-style-ext-preset--media-text--natural-1--card-1--4"><div class="wp-block-media-text__content">
<div class="wp-block-group alignwide is-vertical is-layout-flex wp-container-core-group-is-layout-53474e87 wp-block-group-is-layout-flex" style="padding-top:var(--wp--preset--spacing--60);padding-bottom:var(--wp--preset--spacing--60)">
<div class="wp-block-group has-global-padding is-layout-constrained wp-container-core-group-is-layout-812d5580 wp-block-group-is-layout-constrained" style="padding-top:0;padding-right:0;padding-bottom:0;padding-left:0">
<h2 class="wp-block-heading">Empápate en los aromas de Radio Gastro.</h2>



<p>Disfruta de los pódcast y programas de radio de RTVGastro, donde la gastronomía se escucha, se debate y se vive</p>
</div>



<div class="wp-block-buttons is-layout-flex wp-block-buttons-is-layout-flex">
<div class="wp-block-button is-style-ext-preset--button--natural-1--button-1 is-style-ext-preset--button--natural-1--button-1--5"><a class="wp-block-button__link has-foreground-color has-secondary-background-color has-text-color has-background has-link-color wp-element-button" href="https://rtvgastro.es/en/radio-y-tv-gastro/radiogastro/" style="border-top-left-radius:100px;border-top-right-radius:100px;border-bottom-left-radius:100px;border-bottom-right-radius:100px">AROMATÍZATE</a></div>
</div>
</div>
</div><figure class="wp-block-media-text__media"><img loading="lazy" decoding="async" width="1440" height="960" src="https://rtvgastro.es/wp-content/uploads/2026/02/fa611c51c5c00892bdc350d8ae14de870c4c5100.jpg" alt="" class="wp-image-146 size-full" style="object-position:50% 50%" srcset="https://rtvgastro.es/wp-content/uploads/2026/02/fa611c51c5c00892bdc350d8ae14de870c4c5100.jpg 1440w, https://rtvgastro.es/wp-content/uploads/2026/02/fa611c51c5c00892bdc350d8ae14de870c4c5100-300x200.jpg 300w, https://rtvgastro.es/wp-content/uploads/2026/02/fa611c51c5c00892bdc350d8ae14de870c4c5100-1024x683.jpg 1024w, https://rtvgastro.es/wp-content/uploads/2026/02/fa611c51c5c00892bdc350d8ae14de870c4c5100-768x512.jpg 768w, https://rtvgastro.es/wp-content/uploads/2026/02/fa611c51c5c00892bdc350d8ae14de870c4c5100-18x12.jpg 18w" sizes="auto, (max-width: 1440px) 100vw, 1440px" /></figure></div>
</div>

<p>Sumérgete en el sabor de Gastro TV Descubre el apasionante mundo gastronómico de RTVGastro: disfruta contenido exclusivo y mantente conectado con las últimas tendencias culinarias. ¡Haz clic y déjate inspirar! Empápate en los aromas de Radio Gastro. Disfruta de los pódcast y programas de radio de RTVGastro, donde la gastronomía se escucha, se debate y [&hellip;]</p>
